{"id":170,"date":"2025-03-17T11:23:49","date_gmt":"2025-03-17T10:23:49","guid":{"rendered":"https:\/\/portfolio34988.wordpress.com\/?page_id=170"},"modified":"2025-07-21T11:14:47","modified_gmt":"2025-07-21T09:14:47","slug":"ex-libris","status":"publish","type":"page","link":"https:\/\/blogs.terrassa.cat\/mateuavellaneda\/ex-libris\/","title":{"rendered":"Her\u00e0ldica i identitat"},"content":{"rendered":"\n<figure class=\"wp-block-gallery has-nested-images columns-default is-cropped wp-block-gallery-1 is-layout-flex wp-block-gallery-is-layout-flex\">\n<figure class=\"wp-block-image size-full\"><img loading=\"lazy\" decoding=\"async\" width=\"584\" height=\"709\" data-id=\"1555\" src=\"https:\/\/blogs.terrassa.cat\/mateuavellaneda\/wp-content\/uploads\/sites\/6\/2025\/06\/llibre-ex-libris.jpg\" alt=\"\" class=\"wp-image-1555\" srcset=\"https:\/\/blogs.terrassa.cat\/mateuavellaneda\/wp-content\/uploads\/sites\/6\/2025\/06\/llibre-ex-libris.jpg 584w, https:\/\/blogs.terrassa.cat\/mateuavellaneda\/wp-content\/uploads\/sites\/6\/2025\/06\/llibre-ex-libris-247x300.jpg 247w\" sizes=\"auto, (max-width: 584px) 100vw, 584px\" \/><\/figure>\n\n\n\n<figure class=\"wp-block-image size-full\"><img loading=\"lazy\" decoding=\"async\" width=\"238\" height=\"337\" data-id=\"1557\" src=\"https:\/\/blogs.terrassa.cat\/mateuavellaneda\/wp-content\/uploads\/sites\/6\/2025\/06\/Sense-titol99.png\" alt=\"\" class=\"wp-image-1557\" srcset=\"https:\/\/blogs.terrassa.cat\/mateuavellaneda\/wp-content\/uploads\/sites\/6\/2025\/06\/Sense-titol99.png 238w, https:\/\/blogs.terrassa.cat\/mateuavellaneda\/wp-content\/uploads\/sites\/6\/2025\/06\/Sense-titol99-212x300.png 212w\" sizes=\"auto, (max-width: 238px) 100vw, 238px\" \/><\/figure>\n<\/figure>\n\n\n\n<h4 class=\"wp-block-heading has-text-align-left has-libre-baskerville-font-family\">Mateu Avellaneda va treballar en alguns llibres com ara ex-libris i va dibuixar els escuts de grans fam\u00edlies de la ciutat.<\/h4>\n\n\n\n<h5 class=\"wp-block-heading has-text-align-left has-libre-baskerville-font-family\">Els ex-libris s\u00f3n petites obres d&#8217;art que identifiquen el propietari d&#8217;un llibre i, alhora, reflecteixen la seva personalitat i gustos. A Terrassa, diversos artistes han creat ex-libris \u00fanics que fusionen la tradici\u00f3 amb l&#8217;art local. <\/h5>\n\n\n\n<h5 class=\"wp-block-heading has-text-align-left has-libre-baskerville-font-family\">Els escuts s\u00f3n s\u00edmbols her\u00e0ldics que representen la identitat d\u2019una comunitat o instituci\u00f3. A Terrassa, aquests emblemes han evolucionat al llarg dels segles, reflectint els canvis hist\u00f2rics i culturals de la ciutat.<\/h5>\n\n\n\n<h5 class=\"wp-block-heading has-text-align-left has-libre-baskerville-font-family\">Aquesta secci\u00f3 recull les obres elaborades per Mateu Avellaneda, <strong>afavorint<\/strong> la seva aportaci\u00f3 al patrimoni cultural i el llegat familiar de la ciutat.<\/h5>\n\n\n\n<div class=\"wp-block-group alignfull is-style-default is-content-justification-center\" style=\"margin-top:0;margin-bottom:0;padding-top:var(--wp--preset--spacing--50);padding-bottom:var(--wp--preset--spacing--50)\"><div class=\"wp-block-group__inner-container is-layout-constrained wp-block-group-is-layout-constrained\">\n<div class=\"wp-block-group alignwide\"><div class=\"wp-block-group__inner-container is-layout-flow wp-block-group-is-layout-flow\">\n<div class=\"wp-block-group alignwide\"><div class=\"wp-block-group__inner-container is-layout-flow wp-block-group-is-layout-flow\">\n<div class=\"wp-block-columns alignwide is-layout-flex wp-container-core-columns-is-layout-5c84f8b0 wp-block-columns-is-layout-flex\">\n<div class=\"wp-block-column is-layout-flow wp-block-column-is-layout-flow\"><div class=\"wp-block-image\">\n<figure class=\"aligncenter size-full is-resized\"><img loading=\"lazy\" decoding=\"async\" width=\"175\" height=\"236\" src=\"https:\/\/blogs.terrassa.cat\/mateuavellaneda\/wp-content\/uploads\/sites\/6\/2025\/06\/Sense-titol.png\" alt=\"\" class=\"wp-image-1546\" style=\"width:203px;height:auto\" \/><\/figure>\n<\/div>\n\n\n<h3 class=\"wp-block-heading has-text-align-center has-small-font-size\">Ex-libris Vila <\/h3>\n<\/div>\n\n\n\n<div class=\"wp-block-column is-layout-flow wp-block-column-is-layout-flow\"><div class=\"wp-block-image\">\n<figure class=\"aligncenter size-full\"><img loading=\"lazy\" decoding=\"async\" width=\"230\" height=\"268\" src=\"https:\/\/blogs.terrassa.cat\/mateuavellaneda\/wp-content\/uploads\/sites\/6\/2025\/06\/Sense-titol1.png\" alt=\"\" class=\"wp-image-1547\" \/><\/figure>\n<\/div>\n\n\n<h3 class=\"wp-block-heading has-text-align-center has-small-font-size\">Ex-libris J.M Fargas<\/h3>\n<\/div>\n\n\n\n<div class=\"wp-block-column is-layout-flow wp-block-column-is-layout-flow\"><div class=\"wp-block-image\">\n<figure class=\"aligncenter size-full is-resized\"><img loading=\"lazy\" decoding=\"async\" width=\"188\" height=\"257\" src=\"https:\/\/blogs.terrassa.cat\/mateuavellaneda\/wp-content\/uploads\/sites\/6\/2025\/06\/Sense-titol2.png\" alt=\"\" class=\"wp-image-1548\" style=\"width:197px;height:auto\" \/><\/figure>\n<\/div>\n\n\n<h3 class=\"wp-block-heading has-text-align-center has-small-font-size\">Ex-libris Antoni Costa Avellaneda<\/h3>\n<\/div>\n\n\n\n<div class=\"wp-block-column is-layout-flow wp-block-column-is-layout-flow\"><div class=\"wp-block-image\">\n<figure class=\"aligncenter size-full is-resized\"><img loading=\"lazy\" decoding=\"async\" width=\"198\" height=\"319\" src=\"https:\/\/blogs.terrassa.cat\/mateuavellaneda\/wp-content\/uploads\/sites\/6\/2025\/06\/Sense-titol4-1.png\" alt=\"\" class=\"wp-image-1550\" style=\"width:168px;height:auto\" srcset=\"https:\/\/blogs.terrassa.cat\/mateuavellaneda\/wp-content\/uploads\/sites\/6\/2025\/06\/Sense-titol4-1.png 198w, https:\/\/blogs.terrassa.cat\/mateuavellaneda\/wp-content\/uploads\/sites\/6\/2025\/06\/Sense-titol4-1-186x300.png 186w\" sizes=\"auto, (max-width: 198px) 100vw, 198px\" \/><\/figure>\n<\/div>\n\n\n<h3 class=\"wp-block-heading has-text-align-center has-small-font-size\">Ex-libris Francesc-Gosalbes i Casta\u00f1\u00e9<\/h3>\n<\/div>\n<\/div>\n<\/div><\/div>\n\n\n\n<div class=\"wp-block-group alignwide\"><div class=\"wp-block-group__inner-container is-layout-flow wp-block-group-is-layout-flow\">\n<div class=\"wp-block-columns alignwide is-layout-flex wp-container-core-columns-is-layout-5c84f8b0 wp-block-columns-is-layout-flex\">\n<div class=\"wp-block-column is-layout-flow wp-block-column-is-layout-flow\">\n<figure class=\"wp-block-image size-full\"><img loading=\"lazy\" decoding=\"async\" width=\"368\" height=\"256\" src=\"https:\/\/blogs.terrassa.cat\/mateuavellaneda\/wp-content\/uploads\/sites\/6\/2025\/06\/Sense-titol3-2.png\" alt=\"\" class=\"wp-image-1554\" srcset=\"https:\/\/blogs.terrassa.cat\/mateuavellaneda\/wp-content\/uploads\/sites\/6\/2025\/06\/Sense-titol3-2.png 368w, https:\/\/blogs.terrassa.cat\/mateuavellaneda\/wp-content\/uploads\/sites\/6\/2025\/06\/Sense-titol3-2-300x209.png 300w\" sizes=\"auto, (max-width: 368px) 100vw, 368px\" \/><\/figure>\n\n\n\n<h3 class=\"wp-block-heading has-text-align-center has-small-font-size\">Ex-libris Amat Gosalbes Torres<\/h3>\n<\/div>\n\n\n\n<div class=\"wp-block-column is-layout-flow wp-block-column-is-layout-flow\"><div class=\"wp-block-image\">\n<figure class=\"aligncenter size-full is-resized\"><img loading=\"lazy\" decoding=\"async\" width=\"188\" height=\"204\" src=\"https:\/\/blogs.terrassa.cat\/mateuavellaneda\/wp-content\/uploads\/sites\/6\/2025\/06\/Sense-titol5.png\" alt=\"\" class=\"wp-image-1551\" style=\"width:188px;height:auto\" \/><\/figure>\n<\/div>\n\n\n<h3 class=\"wp-block-heading has-text-align-center has-small-font-size\">Ex-libris F. Puig i Ubach<\/h3>\n<\/div>\n\n\n\n<div class=\"wp-block-column is-layout-flow wp-block-column-is-layout-flow\"><div class=\"wp-block-image\">\n<figure class=\"aligncenter size-full is-resized\"><img loading=\"lazy\" decoding=\"async\" width=\"167\" height=\"266\" src=\"https:\/\/blogs.terrassa.cat\/mateuavellaneda\/wp-content\/uploads\/sites\/6\/2025\/06\/Sense-titol6.png\" alt=\"\" class=\"wp-image-1552\" style=\"width:125px;height:auto\" \/><\/figure>\n<\/div>\n\n\n<h3 class=\"wp-block-heading has-text-align-center has-small-font-size\">Ex-libris Jordi Freixa i Ubach<\/h3>\n<\/div>\n\n\n\n<div class=\"wp-block-column is-layout-flow wp-block-column-is-layout-flow\"><div class=\"wp-block-image\">\n<figure class=\"aligncenter size-full is-resized\"><img loading=\"lazy\" decoding=\"async\" width=\"250\" height=\"294\" src=\"https:\/\/blogs.terrassa.cat\/mateuavellaneda\/wp-content\/uploads\/sites\/6\/2025\/06\/Sense-titol7.png\" alt=\"\" class=\"wp-image-1553\" style=\"width:168px;height:auto\" \/><\/figure>\n<\/div>\n\n\n<h3 class=\"wp-block-heading has-text-align-center has-small-font-size\">Ex-libris Baltasar Rag\u00f3n<\/h3>\n<\/div>\n<\/div>\n<\/div><\/div>\n<\/div><\/div>\n<\/div><\/div>\n\n\n\n<blockquote class=\"wp-block-quote is-layout-flow wp-block-quote-is-layout-flow\">\n<p class=\"has-eb-garamond-font-family\">Vegem un altre aspecte poc com\u00fa en els artistes. El seu encert a agermanar dos conceptes, de vegades antit\u00e8tics: l\u2019art amb la hist\u00f2ria, i romanent\u00a0 fidel l\u2019un a l\u2019altra aconseguir que cap dels dos surti malparat. Els dibuixos de l\u2019Avellaneda tenen. Ultra llur valor art\u00edstic, un valor\u00a0 documental inq\u00fcestionable.\u00a0<\/p>\n<cite><em>Trenchs, M (1963)<\/em><\/cite><\/blockquote>\n\n\n\n<div class=\"wp-block-buttons is-layout-flex wp-block-buttons-is-layout-flex\">\n<div class=\"wp-block-button\"><a class=\"wp-block-button__link wp-element-button\" href=\"https:\/\/blogs.terrassa.cat\/mateuavellaneda\">torna<\/a><\/div>\n<\/div>\n","protected":false},"excerpt":{"rendered":"<p>Mateu Avellaneda va treballar en alguns llibres com ara ex-libris i va dibuixar els escuts de grans fam\u00edlies de la ciutat. Els ex-libris s\u00f3n petites obres d&#8217;art que identifiquen el propietari d&#8217;un llibre i, alhora, reflecteixen la seva personalitat i gustos. A Terrassa, diversos artistes han creat ex-libris \u00fanics que fusionen la tradici\u00f3 amb l&#8217;art [&hellip;]<\/p>\n","protected":false},"author":8,"featured_media":0,"parent":0,"menu_order":0,"comment_status":"closed","ping_status":"closed","template":"","meta":{"footnotes":""},"class_list":["post-170","page","type-page","status-publish","hentry"],"jetpack_sharing_enabled":true,"_links":{"self":[{"href":"https:\/\/blogs.terrassa.cat\/mateuavellaneda\/wp-json\/wp\/v2\/pages\/170","targetHints":{"allow":["GET"]}}],"collection":[{"href":"https:\/\/blogs.terrassa.cat\/mateuavellaneda\/wp-json\/wp\/v2\/pages"}],"about":[{"href":"https:\/\/blogs.terrassa.cat\/mateuavellaneda\/wp-json\/wp\/v2\/types\/page"}],"author":[{"embeddable":true,"href":"https:\/\/blogs.terrassa.cat\/mateuavellaneda\/wp-json\/wp\/v2\/users\/8"}],"replies":[{"embeddable":true,"href":"https:\/\/blogs.terrassa.cat\/mateuavellaneda\/wp-json\/wp\/v2\/comments?post=170"}],"version-history":[{"count":8,"href":"https:\/\/blogs.terrassa.cat\/mateuavellaneda\/wp-json\/wp\/v2\/pages\/170\/revisions"}],"predecessor-version":[{"id":2008,"href":"https:\/\/blogs.terrassa.cat\/mateuavellaneda\/wp-json\/wp\/v2\/pages\/170\/revisions\/2008"}],"wp:attachment":[{"href":"https:\/\/blogs.terrassa.cat\/mateuavellaneda\/wp-json\/wp\/v2\/media?parent=170"}],"curies":[{"name":"wp","href":"https:\/\/api.w.org\/{rel}","templated":true}]}}