{"id":422,"date":"2025-06-16T09:47:52","date_gmt":"2025-06-16T07:47:52","guid":{"rendered":"https:\/\/portfolio34988.wordpress.com\/?page_id=422"},"modified":"2025-07-15T11:16:32","modified_gmt":"2025-07-15T09:16:32","slug":"can-bosch-de-basea","status":"publish","type":"page","link":"https:\/\/blogs.terrassa.cat\/mateuavellaneda\/can-bosch-de-basea\/","title":{"rendered":"Can Bosch de Basea"},"content":{"rendered":"\n<div class=\"wp-block-jetpack-slideshow aligncenter\" data-effect=\"slide\" style=\"--aspect-ratio:calc(1967 \/ 1295)\"><div class=\"wp-block-jetpack-slideshow_container swiper-container\"><ul class=\"wp-block-jetpack-slideshow_swiper-wrapper swiper-wrapper\"><li class=\"wp-block-jetpack-slideshow_slide swiper-slide\"><figure><img loading=\"lazy\" decoding=\"async\" width=\"1967\" height=\"1295\" alt=\"\" class=\"wp-block-jetpack-slideshow_image wp-image-1122\" data-id=\"1122\" data-aspect-ratio=\"1967 \/ 1295\" src=\"https:\/\/blogs.terrassa.cat\/mateuavellaneda\/wp-content\/uploads\/sites\/6\/2025\/06\/14616-1-e1751357069347.jpg\" srcset=\"https:\/\/blogs.terrassa.cat\/mateuavellaneda\/wp-content\/uploads\/sites\/6\/2025\/06\/14616-1-e1751357069347.jpg 1967w, https:\/\/blogs.terrassa.cat\/mateuavellaneda\/wp-content\/uploads\/sites\/6\/2025\/06\/14616-1-e1751357069347-300x198.jpg 300w, https:\/\/blogs.terrassa.cat\/mateuavellaneda\/wp-content\/uploads\/sites\/6\/2025\/06\/14616-1-e1751357069347-1024x674.jpg 1024w, https:\/\/blogs.terrassa.cat\/mateuavellaneda\/wp-content\/uploads\/sites\/6\/2025\/06\/14616-1-e1751357069347-768x506.jpg 768w, https:\/\/blogs.terrassa.cat\/mateuavellaneda\/wp-content\/uploads\/sites\/6\/2025\/06\/14616-1-e1751357069347-1536x1011.jpg 1536w, https:\/\/blogs.terrassa.cat\/mateuavellaneda\/wp-content\/uploads\/sites\/6\/2025\/06\/14616-1-e1751357069347-1200x790.jpg 1200w\" sizes=\"(max-width: 1967px) 100vw, 1967px\" \/><figcaption class=\"wp-block-jetpack-slideshow_caption gallery-caption\">Masia de Can Bosch (M. Avellaneda 1932)<\/figcaption><\/figure><\/li><li class=\"wp-block-jetpack-slideshow_slide swiper-slide\"><figure><img loading=\"lazy\" decoding=\"async\" width=\"2030\" height=\"1406\" alt=\"\" class=\"wp-block-jetpack-slideshow_image wp-image-1123\" data-id=\"1123\" data-aspect-ratio=\"2030 \/ 1406\" src=\"https:\/\/blogs.terrassa.cat\/mateuavellaneda\/wp-content\/uploads\/sites\/6\/2025\/06\/14615-1-e1751968400657.jpg\" srcset=\"https:\/\/blogs.terrassa.cat\/mateuavellaneda\/wp-content\/uploads\/sites\/6\/2025\/06\/14615-1-e1751968400657.jpg 2030w, https:\/\/blogs.terrassa.cat\/mateuavellaneda\/wp-content\/uploads\/sites\/6\/2025\/06\/14615-1-e1751968400657-300x208.jpg 300w, https:\/\/blogs.terrassa.cat\/mateuavellaneda\/wp-content\/uploads\/sites\/6\/2025\/06\/14615-1-e1751968400657-1024x709.jpg 1024w, https:\/\/blogs.terrassa.cat\/mateuavellaneda\/wp-content\/uploads\/sites\/6\/2025\/06\/14615-1-e1751968400657-768x532.jpg 768w, https:\/\/blogs.terrassa.cat\/mateuavellaneda\/wp-content\/uploads\/sites\/6\/2025\/06\/14615-1-e1751968400657-1536x1064.jpg 1536w, https:\/\/blogs.terrassa.cat\/mateuavellaneda\/wp-content\/uploads\/sites\/6\/2025\/06\/14615-1-e1751968400657-1200x831.jpg 1200w, https:\/\/blogs.terrassa.cat\/mateuavellaneda\/wp-content\/uploads\/sites\/6\/2025\/06\/14615-1-e1751968400657-1980x1371.jpg 1980w\" sizes=\"(max-width: 2030px) 100vw, 2030px\" \/><figcaption class=\"wp-block-jetpack-slideshow_caption gallery-caption\">Masia de Can Bosc. Els cups (M. Avellaneda 1932)<\/figcaption><\/figure><\/li><li class=\"wp-block-jetpack-slideshow_slide swiper-slide\"><figure><img loading=\"lazy\" decoding=\"async\" width=\"1501\" height=\"2073\" alt=\"\" class=\"wp-block-jetpack-slideshow_image wp-image-1124\" data-id=\"1124\" data-aspect-ratio=\"1501 \/ 2073\" src=\"https:\/\/blogs.terrassa.cat\/mateuavellaneda\/wp-content\/uploads\/sites\/6\/2025\/06\/14621.jpg\" srcset=\"https:\/\/blogs.terrassa.cat\/mateuavellaneda\/wp-content\/uploads\/sites\/6\/2025\/06\/14621.jpg 1501w, https:\/\/blogs.terrassa.cat\/mateuavellaneda\/wp-content\/uploads\/sites\/6\/2025\/06\/14621-217x300.jpg 217w, https:\/\/blogs.terrassa.cat\/mateuavellaneda\/wp-content\/uploads\/sites\/6\/2025\/06\/14621-741x1024.jpg 741w, https:\/\/blogs.terrassa.cat\/mateuavellaneda\/wp-content\/uploads\/sites\/6\/2025\/06\/14621-768x1061.jpg 768w, https:\/\/blogs.terrassa.cat\/mateuavellaneda\/wp-content\/uploads\/sites\/6\/2025\/06\/14621-1112x1536.jpg 1112w, https:\/\/blogs.terrassa.cat\/mateuavellaneda\/wp-content\/uploads\/sites\/6\/2025\/06\/14621-1483x2048.jpg 1483w, https:\/\/blogs.terrassa.cat\/mateuavellaneda\/wp-content\/uploads\/sites\/6\/2025\/06\/14621-1200x1657.jpg 1200w\" sizes=\"(max-width: 1501px) 100vw, 1501px\" \/><figcaption class=\"wp-block-jetpack-slideshow_caption gallery-caption\">Detalls de la fa\u00e7ana (M. Avellaneda 1933)<\/figcaption><\/figure><\/li><li class=\"wp-block-jetpack-slideshow_slide swiper-slide\"><figure><img loading=\"lazy\" decoding=\"async\" width=\"2056\" height=\"2408\" alt=\"\" class=\"wp-block-jetpack-slideshow_image wp-image-1125\" data-id=\"1125\" data-aspect-ratio=\"2056 \/ 2408\" src=\"https:\/\/blogs.terrassa.cat\/mateuavellaneda\/wp-content\/uploads\/sites\/6\/2025\/06\/14623.jpg\" srcset=\"https:\/\/blogs.terrassa.cat\/mateuavellaneda\/wp-content\/uploads\/sites\/6\/2025\/06\/14623.jpg 2056w, https:\/\/blogs.terrassa.cat\/mateuavellaneda\/wp-content\/uploads\/sites\/6\/2025\/06\/14623-256x300.jpg 256w, https:\/\/blogs.terrassa.cat\/mateuavellaneda\/wp-content\/uploads\/sites\/6\/2025\/06\/14623-874x1024.jpg 874w, https:\/\/blogs.terrassa.cat\/mateuavellaneda\/wp-content\/uploads\/sites\/6\/2025\/06\/14623-768x899.jpg 768w, https:\/\/blogs.terrassa.cat\/mateuavellaneda\/wp-content\/uploads\/sites\/6\/2025\/06\/14623-1311x1536.jpg 1311w, https:\/\/blogs.terrassa.cat\/mateuavellaneda\/wp-content\/uploads\/sites\/6\/2025\/06\/14623-1749x2048.jpg 1749w, https:\/\/blogs.terrassa.cat\/mateuavellaneda\/wp-content\/uploads\/sites\/6\/2025\/06\/14623-1200x1405.jpg 1200w, https:\/\/blogs.terrassa.cat\/mateuavellaneda\/wp-content\/uploads\/sites\/6\/2025\/06\/14623-1980x2319.jpg 1980w\" sizes=\"(max-width: 2056px) 100vw, 2056px\" \/><figcaption class=\"wp-block-jetpack-slideshow_caption gallery-caption\">La premsa (M. Avellaneda 1932)<\/figcaption><\/figure><\/li><li class=\"wp-block-jetpack-slideshow_slide swiper-slide\"><figure><img loading=\"lazy\" decoding=\"async\" width=\"2004\" height=\"1450\" alt=\"\" class=\"wp-block-jetpack-slideshow_image wp-image-1126\" data-id=\"1126\" data-aspect-ratio=\"2004 \/ 1450\" src=\"https:\/\/blogs.terrassa.cat\/mateuavellaneda\/wp-content\/uploads\/sites\/6\/2025\/06\/14630-e1751968311889.jpg\" srcset=\"https:\/\/blogs.terrassa.cat\/mateuavellaneda\/wp-content\/uploads\/sites\/6\/2025\/06\/14630-e1751968311889.jpg 2004w, https:\/\/blogs.terrassa.cat\/mateuavellaneda\/wp-content\/uploads\/sites\/6\/2025\/06\/14630-e1751968311889-300x217.jpg 300w, https:\/\/blogs.terrassa.cat\/mateuavellaneda\/wp-content\/uploads\/sites\/6\/2025\/06\/14630-e1751968311889-1024x741.jpg 1024w, https:\/\/blogs.terrassa.cat\/mateuavellaneda\/wp-content\/uploads\/sites\/6\/2025\/06\/14630-e1751968311889-768x556.jpg 768w, https:\/\/blogs.terrassa.cat\/mateuavellaneda\/wp-content\/uploads\/sites\/6\/2025\/06\/14630-e1751968311889-1536x1111.jpg 1536w, https:\/\/blogs.terrassa.cat\/mateuavellaneda\/wp-content\/uploads\/sites\/6\/2025\/06\/14630-e1751968311889-1200x868.jpg 1200w, https:\/\/blogs.terrassa.cat\/mateuavellaneda\/wp-content\/uploads\/sites\/6\/2025\/06\/14630-e1751968311889-1980x1433.jpg 1980w\" sizes=\"(max-width: 2004px) 100vw, 2004px\" \/><figcaption class=\"wp-block-jetpack-slideshow_caption gallery-caption\">La casa vella (M. Avellaneda 1932))<\/figcaption><\/figure><\/li><li class=\"wp-block-jetpack-slideshow_slide swiper-slide\"><figure><img loading=\"lazy\" decoding=\"async\" width=\"1448\" height=\"2012\" alt=\"\" class=\"wp-block-jetpack-slideshow_image wp-image-1127\" data-id=\"1127\" data-aspect-ratio=\"1448 \/ 2012\" src=\"https:\/\/blogs.terrassa.cat\/mateuavellaneda\/wp-content\/uploads\/sites\/6\/2025\/06\/14608-1-e1751968341441.jpg\" srcset=\"https:\/\/blogs.terrassa.cat\/mateuavellaneda\/wp-content\/uploads\/sites\/6\/2025\/06\/14608-1-e1751968341441.jpg 1448w, https:\/\/blogs.terrassa.cat\/mateuavellaneda\/wp-content\/uploads\/sites\/6\/2025\/06\/14608-1-e1751968341441-216x300.jpg 216w, https:\/\/blogs.terrassa.cat\/mateuavellaneda\/wp-content\/uploads\/sites\/6\/2025\/06\/14608-1-e1751968341441-737x1024.jpg 737w, https:\/\/blogs.terrassa.cat\/mateuavellaneda\/wp-content\/uploads\/sites\/6\/2025\/06\/14608-1-e1751968341441-768x1067.jpg 768w, https:\/\/blogs.terrassa.cat\/mateuavellaneda\/wp-content\/uploads\/sites\/6\/2025\/06\/14608-1-e1751968341441-1105x1536.jpg 1105w, https:\/\/blogs.terrassa.cat\/mateuavellaneda\/wp-content\/uploads\/sites\/6\/2025\/06\/14608-1-e1751968341441-1200x1667.jpg 1200w\" sizes=\"(max-width: 1448px) 100vw, 1448px\" \/><figcaption class=\"wp-block-jetpack-slideshow_caption gallery-caption\">Rellotge de Can Bosc(M. Avellaneda 1933)<\/figcaption><\/figure><\/li><li class=\"wp-block-jetpack-slideshow_slide swiper-slide\"><figure><img loading=\"lazy\" decoding=\"async\" width=\"2112\" height=\"1499\" alt=\"\" class=\"wp-block-jetpack-slideshow_image wp-image-1128\" data-id=\"1128\" data-aspect-ratio=\"2112 \/ 1499\" src=\"https:\/\/blogs.terrassa.cat\/mateuavellaneda\/wp-content\/uploads\/sites\/6\/2025\/06\/14609-1.jpg\" srcset=\"https:\/\/blogs.terrassa.cat\/mateuavellaneda\/wp-content\/uploads\/sites\/6\/2025\/06\/14609-1.jpg 2112w, https:\/\/blogs.terrassa.cat\/mateuavellaneda\/wp-content\/uploads\/sites\/6\/2025\/06\/14609-1-300x213.jpg 300w, https:\/\/blogs.terrassa.cat\/mateuavellaneda\/wp-content\/uploads\/sites\/6\/2025\/06\/14609-1-1024x727.jpg 1024w, https:\/\/blogs.terrassa.cat\/mateuavellaneda\/wp-content\/uploads\/sites\/6\/2025\/06\/14609-1-768x545.jpg 768w, https:\/\/blogs.terrassa.cat\/mateuavellaneda\/wp-content\/uploads\/sites\/6\/2025\/06\/14609-1-1536x1090.jpg 1536w, https:\/\/blogs.terrassa.cat\/mateuavellaneda\/wp-content\/uploads\/sites\/6\/2025\/06\/14609-1-2048x1454.jpg 2048w, https:\/\/blogs.terrassa.cat\/mateuavellaneda\/wp-content\/uploads\/sites\/6\/2025\/06\/14609-1-1200x852.jpg 1200w, https:\/\/blogs.terrassa.cat\/mateuavellaneda\/wp-content\/uploads\/sites\/6\/2025\/06\/14609-1-1980x1405.jpg 1980w\" sizes=\"(max-width: 2112px) 100vw, 2112px\" \/><figcaption class=\"wp-block-jetpack-slideshow_caption gallery-caption\">Planta del mol\u00ed fariner (M. Avellaneda 1933)<\/figcaption><\/figure><\/li><li class=\"wp-block-jetpack-slideshow_slide swiper-slide\"><figure><img loading=\"lazy\" decoding=\"async\" width=\"1495\" height=\"2103\" alt=\"\" class=\"wp-block-jetpack-slideshow_image wp-image-1129\" data-id=\"1129\" data-aspect-ratio=\"1495 \/ 2103\" src=\"https:\/\/blogs.terrassa.cat\/mateuavellaneda\/wp-content\/uploads\/sites\/6\/2025\/06\/14624.jpg\" srcset=\"https:\/\/blogs.terrassa.cat\/mateuavellaneda\/wp-content\/uploads\/sites\/6\/2025\/06\/14624.jpg 1495w, https:\/\/blogs.terrassa.cat\/mateuavellaneda\/wp-content\/uploads\/sites\/6\/2025\/06\/14624-213x300.jpg 213w, https:\/\/blogs.terrassa.cat\/mateuavellaneda\/wp-content\/uploads\/sites\/6\/2025\/06\/14624-728x1024.jpg 728w, https:\/\/blogs.terrassa.cat\/mateuavellaneda\/wp-content\/uploads\/sites\/6\/2025\/06\/14624-768x1080.jpg 768w, https:\/\/blogs.terrassa.cat\/mateuavellaneda\/wp-content\/uploads\/sites\/6\/2025\/06\/14624-1092x1536.jpg 1092w, https:\/\/blogs.terrassa.cat\/mateuavellaneda\/wp-content\/uploads\/sites\/6\/2025\/06\/14624-1456x2048.jpg 1456w, https:\/\/blogs.terrassa.cat\/mateuavellaneda\/wp-content\/uploads\/sites\/6\/2025\/06\/14624-1200x1688.jpg 1200w\" sizes=\"(max-width: 1495px) 100vw, 1495px\" \/><figcaption class=\"wp-block-jetpack-slideshow_caption gallery-caption\">Mol\u00ed fariner (M. Avellaneda 1933)<\/figcaption><\/figure><\/li><li class=\"wp-block-jetpack-slideshow_slide swiper-slide\"><figure><img loading=\"lazy\" decoding=\"async\" width=\"1495\" height=\"2093\" alt=\"\" class=\"wp-block-jetpack-slideshow_image wp-image-1130\" data-id=\"1130\" data-aspect-ratio=\"1495 \/ 2093\" src=\"https:\/\/blogs.terrassa.cat\/mateuavellaneda\/wp-content\/uploads\/sites\/6\/2025\/06\/14622.jpg\" srcset=\"https:\/\/blogs.terrassa.cat\/mateuavellaneda\/wp-content\/uploads\/sites\/6\/2025\/06\/14622.jpg 1495w, https:\/\/blogs.terrassa.cat\/mateuavellaneda\/wp-content\/uploads\/sites\/6\/2025\/06\/14622-214x300.jpg 214w, https:\/\/blogs.terrassa.cat\/mateuavellaneda\/wp-content\/uploads\/sites\/6\/2025\/06\/14622-731x1024.jpg 731w, https:\/\/blogs.terrassa.cat\/mateuavellaneda\/wp-content\/uploads\/sites\/6\/2025\/06\/14622-768x1075.jpg 768w, https:\/\/blogs.terrassa.cat\/mateuavellaneda\/wp-content\/uploads\/sites\/6\/2025\/06\/14622-1097x1536.jpg 1097w, https:\/\/blogs.terrassa.cat\/mateuavellaneda\/wp-content\/uploads\/sites\/6\/2025\/06\/14622-1463x2048.jpg 1463w, https:\/\/blogs.terrassa.cat\/mateuavellaneda\/wp-content\/uploads\/sites\/6\/2025\/06\/14622-1200x1680.jpg 1200w\" sizes=\"(max-width: 1495px) 100vw, 1495px\" \/><figcaption class=\"wp-block-jetpack-slideshow_caption gallery-caption\">Mol\u00ed fariner (M. Avellaneda 1933)<\/figcaption><\/figure><\/li><\/ul><a class=\"wp-block-jetpack-slideshow_button-prev swiper-button-prev swiper-button-white\" role=\"button\"><\/a><a class=\"wp-block-jetpack-slideshow_button-next swiper-button-next swiper-button-white\" role=\"button\"><\/a><a aria-label=\"Pause Slideshow\" class=\"wp-block-jetpack-slideshow_button-pause\" role=\"button\"><\/a><div class=\"wp-block-jetpack-slideshow_pagination swiper-pagination swiper-pagination-white\"><\/div><\/div><\/div>\n\n\n\n<p class=\"has-text-align-left\">La masia estava situada a l\u2019actual pla\u00e7a de Can Bosc de Basea en el barri de Can Jofresa. Va ser enderrocada a finals dels anys seixanta del segle XX per edificar les torres dels pisos de Can Jofresa. Sembla ser que la Besseya era un lloc de basses que existia a fora de les muralles de la vila de Terrassa. En \u00e8poca medieval, els propietaris del mas, conegut com a Basea o Besseya, abandonaren l\u2019indret prop la llera de la riera i s\u2019instal\u00b7laren en un tur\u00f3 pr\u00f2xim. El motiu fou, molt probablement, el cercar un lloc m\u00e9s defensable per incursions foranes o pel perill de les revingudes de la riera del Palau. La primera not\u00edcia documental la trobem de l\u2019any 1193 amb Ramon de Basea i la seva dona Ferlandina com a propietaris del mas. A principis de la segona meitat del segle XX la zona de Can Bosch de Basea va ser escollida per edificar un nou grup d\u2019habitatges, essent necessari enderrocar l&#8217;envellida masia. L\u2019any 1984 es proced\u00ed a la urbanitzaci\u00f3 de l\u2019espai que havia ocupat la masia i, en el seu record s&#8217;hi assign\u00e0 el nom de \u201cpla\u00e7a de Can Bosch de Basea\u201d.<\/p>\n\n\n\n<p class=\"has-background\" style=\"background-color:#d30000;font-size:14px\">Adre\u00e7a: (Desapareguda)<\/p>\n\n\n\n<div class=\"wp-block-buttons is-layout-flex wp-block-buttons-is-layout-flex\">\n<div class=\"wp-block-button\"><a class=\"wp-block-button__link wp-element-button\" href=\"https:\/\/blogs.terrassa.cat\/mateuavellaneda\/masies\/\">TORNAR<\/a><\/div>\n<\/div>\n","protected":false},"excerpt":{"rendered":"<p>La masia estava situada a l\u2019actual pla\u00e7a de Can Bosc de Basea en el barri de Can Jofresa. Va ser enderrocada a finals dels anys seixanta del segle XX per edificar les torres dels pisos de Can Jofresa. Sembla ser que la Besseya era un lloc de basses que existia a fora de les muralles [&hellip;]<\/p>\n","protected":false},"author":8,"featured_media":0,"parent":0,"menu_order":0,"comment_status":"closed","ping_status":"closed","template":"","meta":{"footnotes":""},"class_list":["post-422","page","type-page","status-publish","hentry"],"jetpack_sharing_enabled":true,"_links":{"self":[{"href":"https:\/\/blogs.terrassa.cat\/mateuavellaneda\/wp-json\/wp\/v2\/pages\/422","targetHints":{"allow":["GET"]}}],"collection":[{"href":"https:\/\/blogs.terrassa.cat\/mateuavellaneda\/wp-json\/wp\/v2\/pages"}],"about":[{"href":"https:\/\/blogs.terrassa.cat\/mateuavellaneda\/wp-json\/wp\/v2\/types\/page"}],"author":[{"embeddable":true,"href":"https:\/\/blogs.terrassa.cat\/mateuavellaneda\/wp-json\/wp\/v2\/users\/8"}],"replies":[{"embeddable":true,"href":"https:\/\/blogs.terrassa.cat\/mateuavellaneda\/wp-json\/wp\/v2\/comments?post=422"}],"version-history":[{"count":8,"href":"https:\/\/blogs.terrassa.cat\/mateuavellaneda\/wp-json\/wp\/v2\/pages\/422\/revisions"}],"predecessor-version":[{"id":1980,"href":"https:\/\/blogs.terrassa.cat\/mateuavellaneda\/wp-json\/wp\/v2\/pages\/422\/revisions\/1980"}],"wp:attachment":[{"href":"https:\/\/blogs.terrassa.cat\/mateuavellaneda\/wp-json\/wp\/v2\/media?parent=422"}],"curies":[{"name":"wp","href":"https:\/\/api.w.org\/{rel}","templated":true}]}}