{"id":441,"date":"2025-06-20T13:23:08","date_gmt":"2025-06-20T11:23:08","guid":{"rendered":"https:\/\/portfolio34988.wordpress.com\/?page_id=441"},"modified":"2025-07-08T12:22:51","modified_gmt":"2025-07-08T10:22:51","slug":"casetes-de-can-mir","status":"publish","type":"page","link":"https:\/\/blogs.terrassa.cat\/mateuavellaneda\/casetes-de-can-mir\/","title":{"rendered":"Casetes de Can Mir"},"content":{"rendered":"\n<figure class=\"wp-block-image size-large is-resized\"><img loading=\"lazy\" decoding=\"async\" width=\"1024\" height=\"768\" src=\"https:\/\/blogs.terrassa.cat\/mateuavellaneda\/wp-content\/uploads\/sites\/6\/2025\/06\/Toudell-2-1024x768.jpg\" alt=\"\" class=\"wp-image-1456\" style=\"width:567px;height:auto\" srcset=\"https:\/\/blogs.terrassa.cat\/mateuavellaneda\/wp-content\/uploads\/sites\/6\/2025\/06\/Toudell-2-1024x768.jpg 1024w, https:\/\/blogs.terrassa.cat\/mateuavellaneda\/wp-content\/uploads\/sites\/6\/2025\/06\/Toudell-2-300x225.jpg 300w, https:\/\/blogs.terrassa.cat\/mateuavellaneda\/wp-content\/uploads\/sites\/6\/2025\/06\/Toudell-2-768x576.jpg 768w, https:\/\/blogs.terrassa.cat\/mateuavellaneda\/wp-content\/uploads\/sites\/6\/2025\/06\/Toudell-2-1536x1152.jpg 1536w, https:\/\/blogs.terrassa.cat\/mateuavellaneda\/wp-content\/uploads\/sites\/6\/2025\/06\/Toudell-2-1200x900.jpg 1200w, https:\/\/blogs.terrassa.cat\/mateuavellaneda\/wp-content\/uploads\/sites\/6\/2025\/06\/Toudell-2.jpg 1600w\" sizes=\"auto, (max-width: 1024px) 100vw, 1024px\" \/><figcaption class=\"wp-element-caption\">Estat actual de les casetes de can Mir<\/figcaption><\/figure>\n\n\n\n<p class=\"has-text-align-left\">Van ser constru\u00efdes l\u2019any 1840, per tant van pert\u00e0nyer al poble Sant Pere, fins el 1849 en que la parr\u00f2quia de Sant Miquel va ser inclosa a la nova municipalitat de Viladecavalls. Una de les cases t\u00e9 un rellotge de sol molt singular, actualment una mica difuminat, per\u00f2 en tenim const\u00e0ncia per un dibuix que ens va deixar Mateu Avellaneda. En el rellotge, pintat el 1853, es pot veure el dibuix d\u2019un tren. El curi\u00f3s d\u2019aquest dibuix \u00e9s que el tren representat \u00e9s aut\u00e8ntic de l\u2019\u00e8poca isabelina i l\u2019any que es va pintar el tren encara no havia arribat a Terrassa, ni tampoc a Viladecavalls.<\/p>\n\n\n<div class=\"wp-block-image\">\n<figure class=\"aligncenter size-large is-resized\"><img loading=\"lazy\" decoding=\"async\" width=\"711\" height=\"1024\" src=\"https:\/\/blogs.terrassa.cat\/mateuavellaneda\/wp-content\/uploads\/sites\/6\/2025\/06\/14742-e1751013720199-711x1024.jpg\" alt=\"\" class=\"wp-image-1182\" style=\"width:292px;height:auto\" srcset=\"https:\/\/blogs.terrassa.cat\/mateuavellaneda\/wp-content\/uploads\/sites\/6\/2025\/06\/14742-e1751013720199-711x1024.jpg 711w, https:\/\/blogs.terrassa.cat\/mateuavellaneda\/wp-content\/uploads\/sites\/6\/2025\/06\/14742-e1751013720199-208x300.jpg 208w, https:\/\/blogs.terrassa.cat\/mateuavellaneda\/wp-content\/uploads\/sites\/6\/2025\/06\/14742-e1751013720199-768x1107.jpg 768w, https:\/\/blogs.terrassa.cat\/mateuavellaneda\/wp-content\/uploads\/sites\/6\/2025\/06\/14742-e1751013720199-1066x1536.jpg 1066w, https:\/\/blogs.terrassa.cat\/mateuavellaneda\/wp-content\/uploads\/sites\/6\/2025\/06\/14742-e1751013720199-1200x1729.jpg 1200w, https:\/\/blogs.terrassa.cat\/mateuavellaneda\/wp-content\/uploads\/sites\/6\/2025\/06\/14742-e1751013720199.jpg 1372w\" sizes=\"auto, (max-width: 711px) 100vw, 711px\" \/><figcaption class=\"wp-element-caption\">Rellotge de les casetes de Can Mir (M. Avellaneda. 1933)<\/figcaption><\/figure>\n<\/div>\n\n\n<p class=\"has-background\" style=\"background-color:#d30000;font-size:14px\">Adre\u00e7a: <a href=\"https:\/\/www.google.es\/maps\/@41.5547384,1.9724003,3a,75y,178.69h,93.35t\/data=!3m7!1e1!3m5!1sNLNagfC96KoT0rTIIbnT6A!2e0!6shttps:%2F%2Fstreetviewpixels-pa.googleapis.com%2Fv1%2Fthumbnail%3Fcb_client%3Dmaps_sv.tactile%26w%3D900%26h%3D600%26pitch%3D-3.3502392169908006%26panoid%3DNLNagfC96KoT0rTIIbnT6A%26yaw%3D178.691336220383!7i16384!8i8192?hl=es&amp;entry=ttu&amp;g_ep=EgoyMDI1MDYxNi4wIKXMDSoASAFQAw%3D%3D\" data-type=\"link\" data-id=\"https:\/\/www.google.es\/maps\/@41.5547384,1.9724003,3a,75y,178.69h,93.35t\/data=!3m7!1e1!3m5!1sNLNagfC96KoT0rTIIbnT6A!2e0!6shttps:%2F%2Fstreetviewpixels-pa.googleapis.com%2Fv1%2Fthumbnail%3Fcb_client%3Dmaps_sv.tactile%26w%3D900%26h%3D600%26pitch%3D-3.3502392169908006%26panoid%3DNLNagfC96KoT0rTIIbnT6A%26yaw%3D178.691336220383!7i16384!8i8192?hl=es&amp;entry=ttu&amp;g_ep=EgoyMDI1MDYxNi4wIKXMDSoASAFQAw%3D%3D\">15 Carrer Sant Miquel del Toudell<\/a><\/p>\n\n\n\n<div class=\"wp-block-buttons is-layout-flex wp-block-buttons-is-layout-flex\">\n<div class=\"wp-block-button\"><a class=\"wp-block-button__link wp-element-button\" href=\"https:\/\/blogs.terrassa.cat\/mateuavellaneda\/masies\/\">torna<\/a><\/div>\n<\/div>\n\n\n\n<p><\/p>\n","protected":false},"excerpt":{"rendered":"<p>Van ser constru\u00efdes l\u2019any 1840, per tant van pert\u00e0nyer al poble Sant Pere, fins el 1849 en que la parr\u00f2quia de Sant Miquel va ser inclosa a la nova municipalitat de Viladecavalls. Una de les cases t\u00e9 un rellotge de sol molt singular, actualment una mica difuminat, per\u00f2 en tenim const\u00e0ncia per un dibuix que [&hellip;]<\/p>\n","protected":false},"author":8,"featured_media":0,"parent":0,"menu_order":0,"comment_status":"closed","ping_status":"closed","template":"","meta":{"footnotes":""},"class_list":["post-441","page","type-page","status-publish","hentry"],"jetpack_sharing_enabled":true,"_links":{"self":[{"href":"https:\/\/blogs.terrassa.cat\/mateuavellaneda\/wp-json\/wp\/v2\/pages\/441","targetHints":{"allow":["GET"]}}],"collection":[{"href":"https:\/\/blogs.terrassa.cat\/mateuavellaneda\/wp-json\/wp\/v2\/pages"}],"about":[{"href":"https:\/\/blogs.terrassa.cat\/mateuavellaneda\/wp-json\/wp\/v2\/types\/page"}],"author":[{"embeddable":true,"href":"https:\/\/blogs.terrassa.cat\/mateuavellaneda\/wp-json\/wp\/v2\/users\/8"}],"replies":[{"embeddable":true,"href":"https:\/\/blogs.terrassa.cat\/mateuavellaneda\/wp-json\/wp\/v2\/comments?post=441"}],"version-history":[{"count":5,"href":"https:\/\/blogs.terrassa.cat\/mateuavellaneda\/wp-json\/wp\/v2\/pages\/441\/revisions"}],"predecessor-version":[{"id":1938,"href":"https:\/\/blogs.terrassa.cat\/mateuavellaneda\/wp-json\/wp\/v2\/pages\/441\/revisions\/1938"}],"wp:attachment":[{"href":"https:\/\/blogs.terrassa.cat\/mateuavellaneda\/wp-json\/wp\/v2\/media?parent=441"}],"curies":[{"name":"wp","href":"https:\/\/api.w.org\/{rel}","templated":true}]}}