{"id":608,"date":"2025-06-12T11:23:28","date_gmt":"2025-06-12T09:23:28","guid":{"rendered":"https:\/\/blogs.terrassa.cat\/mateuavellaneda\/?page_id=608"},"modified":"2025-07-10T13:15:52","modified_gmt":"2025-07-10T11:15:52","slug":"sant-cristofol-ca-n-anglada","status":"publish","type":"page","link":"https:\/\/blogs.terrassa.cat\/mateuavellaneda\/sant-cristofol-ca-n-anglada\/","title":{"rendered":"Sant Crist\u00f2fol de                                  Ca n&#8217;Anglada"},"content":{"rendered":"\n<p><\/p>\n\n\n\n<div class=\"wp-block-jetpack-slideshow aligncenter\" data-effect=\"slide\"><div class=\"wp-block-jetpack-slideshow_container swiper-container\"><ul class=\"wp-block-jetpack-slideshow_swiper-wrapper swiper-wrapper\"><li class=\"wp-block-jetpack-slideshow_slide swiper-slide\"><figure><img loading=\"lazy\" decoding=\"async\" width=\"768\" height=\"1024\" alt=\"\" class=\"wp-block-jetpack-slideshow_image wp-image-980\" data-id=\"980\" src=\"https:\/\/blogs.terrassa.cat\/mateuavellaneda\/wp-content\/uploads\/sites\/6\/2025\/06\/E057_Sant_Cristofol_de_Ca_nAnglada_facana_oest-768x1024.jpg\" srcset=\"https:\/\/blogs.terrassa.cat\/mateuavellaneda\/wp-content\/uploads\/sites\/6\/2025\/06\/E057_Sant_Cristofol_de_Ca_nAnglada_facana_oest-768x1024.jpg 768w, https:\/\/blogs.terrassa.cat\/mateuavellaneda\/wp-content\/uploads\/sites\/6\/2025\/06\/E057_Sant_Cristofol_de_Ca_nAnglada_facana_oest-225x300.jpg 225w, https:\/\/blogs.terrassa.cat\/mateuavellaneda\/wp-content\/uploads\/sites\/6\/2025\/06\/E057_Sant_Cristofol_de_Ca_nAnglada_facana_oest-1152x1536.jpg 1152w, https:\/\/blogs.terrassa.cat\/mateuavellaneda\/wp-content\/uploads\/sites\/6\/2025\/06\/E057_Sant_Cristofol_de_Ca_nAnglada_facana_oest-1536x2048.jpg 1536w, https:\/\/blogs.terrassa.cat\/mateuavellaneda\/wp-content\/uploads\/sites\/6\/2025\/06\/E057_Sant_Cristofol_de_Ca_nAnglada_facana_oest-1200x1600.jpg 1200w, https:\/\/blogs.terrassa.cat\/mateuavellaneda\/wp-content\/uploads\/sites\/6\/2025\/06\/E057_Sant_Cristofol_de_Ca_nAnglada_facana_oest.jpg 1704w\" sizes=\"(max-width: 768px) 100vw, 768px\" \/><figcaption class=\"wp-block-jetpack-slideshow_caption gallery-caption\">Estat actual de la capella<\/figcaption><\/figure><\/li><li class=\"wp-block-jetpack-slideshow_slide swiper-slide\"><figure><img loading=\"lazy\" decoding=\"async\" width=\"1024\" height=\"712\" alt=\"\" class=\"wp-block-jetpack-slideshow_image wp-image-883\" data-id=\"883\" src=\"https:\/\/blogs.terrassa.cat\/mateuavellaneda\/wp-content\/uploads\/sites\/6\/2025\/06\/CAN-ANGLADA-1-1024x712.jpg\" srcset=\"https:\/\/blogs.terrassa.cat\/mateuavellaneda\/wp-content\/uploads\/sites\/6\/2025\/06\/CAN-ANGLADA-1-1024x712.jpg 1024w, https:\/\/blogs.terrassa.cat\/mateuavellaneda\/wp-content\/uploads\/sites\/6\/2025\/06\/CAN-ANGLADA-1-300x209.jpg 300w, https:\/\/blogs.terrassa.cat\/mateuavellaneda\/wp-content\/uploads\/sites\/6\/2025\/06\/CAN-ANGLADA-1-768x534.jpg 768w, https:\/\/blogs.terrassa.cat\/mateuavellaneda\/wp-content\/uploads\/sites\/6\/2025\/06\/CAN-ANGLADA-1-1536x1069.jpg 1536w, https:\/\/blogs.terrassa.cat\/mateuavellaneda\/wp-content\/uploads\/sites\/6\/2025\/06\/CAN-ANGLADA-1-2048x1425.jpg 2048w, https:\/\/blogs.terrassa.cat\/mateuavellaneda\/wp-content\/uploads\/sites\/6\/2025\/06\/CAN-ANGLADA-1-1200x835.jpg 1200w, https:\/\/blogs.terrassa.cat\/mateuavellaneda\/wp-content\/uploads\/sites\/6\/2025\/06\/CAN-ANGLADA-1-1980x1378.jpg 1980w\" sizes=\"(max-width: 1024px) 100vw, 1024px\" \/><figcaption class=\"wp-block-jetpack-slideshow_caption gallery-caption\">La antiga capella (M. Avellaneda, 1935)<\/figcaption><\/figure><\/li><\/ul><a class=\"wp-block-jetpack-slideshow_button-prev swiper-button-prev swiper-button-white\" role=\"button\"><\/a><a class=\"wp-block-jetpack-slideshow_button-next swiper-button-next swiper-button-white\" role=\"button\"><\/a><a aria-label=\"Pause Slideshow\" class=\"wp-block-jetpack-slideshow_button-pause\" role=\"button\"><\/a><div class=\"wp-block-jetpack-slideshow_pagination swiper-pagination swiper-pagination-white\"><\/div><\/div><\/div>\n\n\n\n<p class=\"has-text-align-left\">La capella de Sant Crist\u00f2fol de Ca n&#8217;Anglada, situada a Terrassa, \u00e9s un edifici d\u2019origen rom\u00e0nic constru\u00eft probablement entre els segles XI i XII. De planta senzilla, amb una sola nau i absis semicircular, conserva elements propis del rom\u00e0nic rural catal\u00e0, tot i les reformes que ha patit al llarg del temps. Malgrat el creixement urb\u00e0 del barri, la capella s\u2019ha mantingut com un testimoni del passat rural de la zona. Restaurada durant el segle XX, avui \u00e9s un espai de valor hist\u00f2ric i cultural que connecta el present amb les arrels medievals del territori.<\/p>\n\n\n\n<p class=\"has-primary-color has-text-color has-background has-link-color wp-elements-656eaaa5cc08822ef1874eac9c6e15de\" style=\"background-color:#d30000;font-size:14px\">Adre\u00e7a: <a href=\"https:\/\/www.google.com\/maps\/place\/Masia+de+Ca+n'Anglada\/@41.5491783,2.0051153,851m\/data=!3m1!1e3!4m6!3m5!1s0x12a493cf90521225:0xdbd9a0457b76f61e!8m2!3d41.560804!4d2.0299845!16s%2Fg%2F11ghzpjhj0?entry=ttu&amp;g_ep=EgoyMDI1MDYwOS4wIKXMDSoASAFQAw%3D%3D\" data-type=\"link\" data-id=\"https:\/\/www.google.com\/maps\/place\/Masia+de+Ca+n'Anglada\/@41.5491783,2.0051153,851m\/data=!3m1!1e3!4m6!3m5!1s0x12a493cf90521225:0xdbd9a0457b76f61e!8m2!3d41.560804!4d2.0299845!16s%2Fg%2F11ghzpjhj0?entry=ttu&amp;g_ep=EgoyMDI1MDYwOS4wIKXMDSoASAFQAw%3D%3D\">Carrer de la Mare de D\u00e9u del Mar, 82, 08222 Terrassa, Barcelona<\/a><\/p>\n\n\n\n<div class=\"wp-block-buttons is-layout-flex wp-block-buttons-is-layout-flex\">\n<div class=\"wp-block-button\"><a class=\"wp-block-button__link wp-element-button\" href=\"https:\/\/blogs.terrassa.cat\/mateuavellaneda\/ermites\/\">TORNA<\/a><\/div>\n<\/div>\n\n\n\n<p><\/p>\n","protected":false},"excerpt":{"rendered":"<p>La capella de Sant Crist\u00f2fol de Ca n&#8217;Anglada, situada a Terrassa, \u00e9s un edifici d\u2019origen rom\u00e0nic constru\u00eft probablement entre els segles XI i XII. De planta senzilla, amb una sola nau i absis semicircular, conserva elements propis del rom\u00e0nic rural catal\u00e0, tot i les reformes que ha patit al llarg del temps. Malgrat el creixement [&hellip;]<\/p>\n","protected":false},"author":8,"featured_media":0,"parent":0,"menu_order":0,"comment_status":"closed","ping_status":"closed","template":"","meta":{"footnotes":""},"class_list":["post-608","page","type-page","status-publish","hentry"],"jetpack_sharing_enabled":true,"_links":{"self":[{"href":"https:\/\/blogs.terrassa.cat\/mateuavellaneda\/wp-json\/wp\/v2\/pages\/608","targetHints":{"allow":["GET"]}}],"collection":[{"href":"https:\/\/blogs.terrassa.cat\/mateuavellaneda\/wp-json\/wp\/v2\/pages"}],"about":[{"href":"https:\/\/blogs.terrassa.cat\/mateuavellaneda\/wp-json\/wp\/v2\/types\/page"}],"author":[{"embeddable":true,"href":"https:\/\/blogs.terrassa.cat\/mateuavellaneda\/wp-json\/wp\/v2\/users\/8"}],"replies":[{"embeddable":true,"href":"https:\/\/blogs.terrassa.cat\/mateuavellaneda\/wp-json\/wp\/v2\/comments?post=608"}],"version-history":[{"count":12,"href":"https:\/\/blogs.terrassa.cat\/mateuavellaneda\/wp-json\/wp\/v2\/pages\/608\/revisions"}],"predecessor-version":[{"id":1946,"href":"https:\/\/blogs.terrassa.cat\/mateuavellaneda\/wp-json\/wp\/v2\/pages\/608\/revisions\/1946"}],"wp:attachment":[{"href":"https:\/\/blogs.terrassa.cat\/mateuavellaneda\/wp-json\/wp\/v2\/media?parent=608"}],"curies":[{"name":"wp","href":"https:\/\/api.w.org\/{rel}","templated":true}]}}